{"id":6993,"date":"2025-03-25T14:02:18","date_gmt":"2025-03-25T13:02:18","guid":{"rendered":"https:\/\/comicstrip.be\/evenement\/maurane-mazars-for-la-ou-dorment-les-geants\/"},"modified":"2025-04-01T11:45:24","modified_gmt":"2025-04-01T09:45:24","slug":"maurane-mazars-for-la-ou-dorment-les-geants","status":"publish","type":"evenement","link":"https:\/\/comicstrip.be\/en\/event\/maurane-mazars-for-la-ou-dorment-les-geants\/","title":{"rendered":"Maurane Mazars for L\u00e0 o\u00f9 dorment les G\u00e9ants"},"content":{"rendered":"<p>Thursday 10\/04, from 5pm to 7pm<\/p>\n","protected":false},"featured_media":0,"template":"","class_list":["post-6993","evenement","type-evenement","status-publish","hentry"],"acf":[],"yoast_head":"<!-- This site is optimized with the Yoast SEO plugin v27.5 - https:\/\/yoast.com\/product\/yoast-seo-wordpress\/ -->\n<title>Maurane Mazars for L\u00e0 o\u00f9 dorment les G\u00e9ants - Comicstrip<\/title>\n<meta name=\"robots\" content=\"index, follow, max-snippet:-1, max-image-preview:large, max-video-preview:-1\" \/>\n<link rel=\"canonical\" href=\"https:\/\/comicstrip.be\/en\/event\/maurane-mazars-for-la-ou-dorment-les-geants\/\" \/>\n<meta property=\"og:locale\" content=\"en_US\" \/>\n<meta property=\"og:type\" content=\"article\" \/>\n<meta property=\"og:title\" content=\"Maurane Mazars for L\u00e0 o\u00f9 dorment les G\u00e9ants - Comicstrip\" \/>\n<meta property=\"og:description\" content=\"Thursday 10\/04, from 5pm to 7pm\" \/>\n<meta property=\"og:url\" content=\"https:\/\/comicstrip.be\/en\/event\/maurane-mazars-for-la-ou-dorment-les-geants\/\" \/>\n<meta property=\"og:site_name\" content=\"Comicstrip\" \/>\n<meta property=\"article:modified_time\" content=\"2025-04-01T09:45:24+00:00\" \/>\n<meta name=\"twitter:card\" content=\"summary_large_image\" \/>\n<meta name=\"twitter:label1\" content=\"Est. reading time\" \/>\n\t<meta name=\"twitter:data1\" content=\"1 minute\" \/>\n<script type=\"application\/ld+json\" class=\"yoast-schema-graph\">{\"@context\":\"https:\\\/\\\/schema.org\",\"@graph\":[{\"@type\":\"WebPage\",\"@id\":\"https:\\\/\\\/comicstrip.be\\\/en\\\/event\\\/maurane-mazars-for-la-ou-dorment-les-geants\\\/\",\"url\":\"https:\\\/\\\/comicstrip.be\\\/en\\\/event\\\/maurane-mazars-for-la-ou-dorment-les-geants\\\/\",\"name\":\"Maurane Mazars for L\u00e0 o\u00f9 dorment les G\u00e9ants - Comicstrip\",\"isPartOf\":{\"@id\":\"https:\\\/\\\/comicstrip.be\\\/en\\\/#website\"},\"datePublished\":\"2025-03-25T13:02:18+00:00\",\"dateModified\":\"2025-04-01T09:45:24+00:00\",\"breadcrumb\":{\"@id\":\"https:\\\/\\\/comicstrip.be\\\/en\\\/event\\\/maurane-mazars-for-la-ou-dorment-les-geants\\\/#breadcrumb\"},\"inLanguage\":\"en-US\",\"potentialAction\":[{\"@type\":\"ReadAction\",\"target\":[\"https:\\\/\\\/comicstrip.be\\\/en\\\/event\\\/maurane-mazars-for-la-ou-dorment-les-geants\\\/\"]}]},{\"@type\":\"BreadcrumbList\",\"@id\":\"https:\\\/\\\/comicstrip.be\\\/en\\\/event\\\/maurane-mazars-for-la-ou-dorment-les-geants\\\/#breadcrumb\",\"itemListElement\":[{\"@type\":\"ListItem\",\"position\":1,\"name\":\"Accueil\",\"item\":\"https:\\\/\\\/comicstrip.be\\\/en\\\/\"},{\"@type\":\"ListItem\",\"position\":2,\"name\":\"Maurane Mazars for L\u00e0 o\u00f9 dorment les G\u00e9ants\"}]},{\"@type\":\"WebSite\",\"@id\":\"https:\\\/\\\/comicstrip.be\\\/en\\\/#website\",\"url\":\"https:\\\/\\\/comicstrip.be\\\/en\\\/\",\"name\":\"Comicstrip. - La BD \u00e0 Bruxelles !\",\"description\":\"La BD \u00e0 Bruxelles !\",\"publisher\":{\"@id\":\"https:\\\/\\\/comicstrip.be\\\/en\\\/#organization\"},\"potentialAction\":[{\"@type\":\"SearchAction\",\"target\":{\"@type\":\"EntryPoint\",\"urlTemplate\":\"https:\\\/\\\/comicstrip.be\\\/en\\\/?s={search_term_string}\"},\"query-input\":{\"@type\":\"PropertyValueSpecification\",\"valueRequired\":true,\"valueName\":\"search_term_string\"}}],\"inLanguage\":\"en-US\"},{\"@type\":\"Organization\",\"@id\":\"https:\\\/\\\/comicstrip.be\\\/en\\\/#organization\",\"name\":\"Centre Belge de la Bande Dessin\u00e9e\",\"url\":\"https:\\\/\\\/comicstrip.be\\\/en\\\/\",\"logo\":{\"@type\":\"ImageObject\",\"inLanguage\":\"en-US\",\"@id\":\"https:\\\/\\\/comicstrip.be\\\/en\\\/#\\\/schema\\\/logo\\\/image\\\/\",\"url\":\"https:\\\/\\\/comicstrip.be\\\/wp-content\\\/uploads\\\/2022\\\/02\\\/Logo_comicStrip_dark.svg\",\"contentUrl\":\"https:\\\/\\\/comicstrip.be\\\/wp-content\\\/uploads\\\/2022\\\/02\\\/Logo_comicStrip_dark.svg\",\"width\":57,\"height\":39,\"caption\":\"Centre Belge de la Bande Dessin\u00e9e\"},\"image\":{\"@id\":\"https:\\\/\\\/comicstrip.be\\\/en\\\/#\\\/schema\\\/logo\\\/image\\\/\"}}]}<\/script>\n<!-- \/ Yoast SEO plugin. -->","yoast_head_json":{"title":"Maurane Mazars for L\u00e0 o\u00f9 dorment les G\u00e9ants - Comicstrip","robots":{"index":"index","follow":"follow","max-snippet":"max-snippet:-1","max-image-preview":"max-image-preview:large","max-video-preview":"max-video-preview:-1"},"canonical":"https:\/\/comicstrip.be\/en\/event\/maurane-mazars-for-la-ou-dorment-les-geants\/","og_locale":"en_US","og_type":"article","og_title":"Maurane Mazars for L\u00e0 o\u00f9 dorment les G\u00e9ants - Comicstrip","og_description":"Thursday 10\/04, from 5pm to 7pm","og_url":"https:\/\/comicstrip.be\/en\/event\/maurane-mazars-for-la-ou-dorment-les-geants\/","og_site_name":"Comicstrip","article_modified_time":"2025-04-01T09:45:24+00:00","twitter_card":"summary_large_image","twitter_misc":{"Est. reading time":"1 minute"},"schema":{"@context":"https:\/\/schema.org","@graph":[{"@type":"WebPage","@id":"https:\/\/comicstrip.be\/en\/event\/maurane-mazars-for-la-ou-dorment-les-geants\/","url":"https:\/\/comicstrip.be\/en\/event\/maurane-mazars-for-la-ou-dorment-les-geants\/","name":"Maurane Mazars for L\u00e0 o\u00f9 dorment les G\u00e9ants - Comicstrip","isPartOf":{"@id":"https:\/\/comicstrip.be\/en\/#website"},"datePublished":"2025-03-25T13:02:18+00:00","dateModified":"2025-04-01T09:45:24+00:00","breadcrumb":{"@id":"https:\/\/comicstrip.be\/en\/event\/maurane-mazars-for-la-ou-dorment-les-geants\/#breadcrumb"},"inLanguage":"en-US","potentialAction":[{"@type":"ReadAction","target":["https:\/\/comicstrip.be\/en\/event\/maurane-mazars-for-la-ou-dorment-les-geants\/"]}]},{"@type":"BreadcrumbList","@id":"https:\/\/comicstrip.be\/en\/event\/maurane-mazars-for-la-ou-dorment-les-geants\/#breadcrumb","itemListElement":[{"@type":"ListItem","position":1,"name":"Accueil","item":"https:\/\/comicstrip.be\/en\/"},{"@type":"ListItem","position":2,"name":"Maurane Mazars for L\u00e0 o\u00f9 dorment les G\u00e9ants"}]},{"@type":"WebSite","@id":"https:\/\/comicstrip.be\/en\/#website","url":"https:\/\/comicstrip.be\/en\/","name":"Comicstrip. - La BD \u00e0 Bruxelles !","description":"La BD \u00e0 Bruxelles !","publisher":{"@id":"https:\/\/comicstrip.be\/en\/#organization"},"potentialAction":[{"@type":"SearchAction","target":{"@type":"EntryPoint","urlTemplate":"https:\/\/comicstrip.be\/en\/?s={search_term_string}"},"query-input":{"@type":"PropertyValueSpecification","valueRequired":true,"valueName":"search_term_string"}}],"inLanguage":"en-US"},{"@type":"Organization","@id":"https:\/\/comicstrip.be\/en\/#organization","name":"Centre Belge de la Bande Dessin\u00e9e","url":"https:\/\/comicstrip.be\/en\/","logo":{"@type":"ImageObject","inLanguage":"en-US","@id":"https:\/\/comicstrip.be\/en\/#\/schema\/logo\/image\/","url":"https:\/\/comicstrip.be\/wp-content\/uploads\/2022\/02\/Logo_comicStrip_dark.svg","contentUrl":"https:\/\/comicstrip.be\/wp-content\/uploads\/2022\/02\/Logo_comicStrip_dark.svg","width":57,"height":39,"caption":"Centre Belge de la Bande Dessin\u00e9e"},"image":{"@id":"https:\/\/comicstrip.be\/en\/#\/schema\/logo\/image\/"}}]}},"_links":{"self":[{"href":"https:\/\/comicstrip.be\/en\/wp-json\/wp\/v2\/evenement\/6993","targetHints":{"allow":["GET"]}}],"collection":[{"href":"https:\/\/comicstrip.be\/en\/wp-json\/wp\/v2\/evenement"}],"about":[{"href":"https:\/\/comicstrip.be\/en\/wp-json\/wp\/v2\/types\/evenement"}],"version-history":[{"count":1,"href":"https:\/\/comicstrip.be\/en\/wp-json\/wp\/v2\/evenement\/6993\/revisions"}],"predecessor-version":[{"id":7042,"href":"https:\/\/comicstrip.be\/en\/wp-json\/wp\/v2\/evenement\/6993\/revisions\/7042"}],"wp:attachment":[{"href":"https:\/\/comicstrip.be\/en\/wp-json\/wp\/v2\/media?parent=6993"}],"curies":[{"name":"wp","href":"https:\/\/api.w.org\/{rel}","templated":true}]}}

Maurane Mazars for Là où dorment les Géants

<!-- This site is optimized with the Yoast SEO plugin v27.5 - https://yoast.com/product/yoast-seo-wordpress/ -->
<title>Maurane Mazars for Là où dorment les Géants - Comicstrip</title>
<meta name="robots" content="index, follow, max-snippet:-1, max-image-preview:large, max-video-preview:-1" />
<link rel="canonical" href="https://comicstrip.be/en/event/maurane-mazars-for-la-ou-dorment-les-geants/" />
<meta property="og:locale" content="en_US" />
<meta property="og:type" content="article" />
<meta property="og:title" content="Maurane Mazars for Là où dorment les Géants - Comicstrip" />
<meta property="og:description" content="Thursday 10/04, from 5pm to 7pm" />
<meta property="og:url" content="https://comicstrip.be/en/event/maurane-mazars-for-la-ou-dorment-les-geants/" />
<meta property="og:site_name" content="Comicstrip" />
<meta property="article:modified_time" content="2025-04-01T09:45:24+00:00" />
<meta name="twitter:card" content="summary_large_image" />
<meta name="twitter:label1" content="Est. reading time" />
	<meta name="twitter:data1" content="1 minute" />
<script type="application/ld+json" class="yoast-schema-graph">{"@context":"https:\/\/schema.org","@graph":[{"@type":"WebPage","@id":"https:\/\/comicstrip.be\/en\/event\/maurane-mazars-for-la-ou-dorment-les-geants\/","url":"https:\/\/comicstrip.be\/en\/event\/maurane-mazars-for-la-ou-dorment-les-geants\/","name":"Maurane Mazars for Là où dorment les Géants - Comicstrip","isPartOf":{"@id":"https:\/\/comicstrip.be\/en\/#website"},"datePublished":"2025-03-25T13:02:18+00:00","dateModified":"2025-04-01T09:45:24+00:00","breadcrumb":{"@id":"https:\/\/comicstrip.be\/en\/event\/maurane-mazars-for-la-ou-dorment-les-geants\/#breadcrumb"},"inLanguage":"en-US","potentialAction":[{"@type":"ReadAction","target":["https:\/\/comicstrip.be\/en\/event\/maurane-mazars-for-la-ou-dorment-les-geants\/"]}]},{"@type":"BreadcrumbList","@id":"https:\/\/comicstrip.be\/en\/event\/maurane-mazars-for-la-ou-dorment-les-geants\/#breadcrumb","itemListElement":[{"@type":"ListItem","position":1,"name":"Accueil","item":"https:\/\/comicstrip.be\/en\/"},{"@type":"ListItem","position":2,"name":"Maurane Mazars for Là où dorment les Géants"}]},{"@type":"WebSite","@id":"https:\/\/comicstrip.be\/en\/#website","url":"https:\/\/comicstrip.be\/en\/","name":"Comicstrip. - La BD à Bruxelles !","description":"La BD à Bruxelles !","publisher":{"@id":"https:\/\/comicstrip.be\/en\/#organization"},"potentialAction":[{"@type":"SearchAction","target":{"@type":"EntryPoint","urlTemplate":"https:\/\/comicstrip.be\/en\/?s={search_term_string}"},"query-input":{"@type":"PropertyValueSpecification","valueRequired":true,"valueName":"search_term_string"}}],"inLanguage":"en-US"},{"@type":"Organization","@id":"https:\/\/comicstrip.be\/en\/#organization","name":"Centre Belge de la Bande Dessinée","url":"https:\/\/comicstrip.be\/en\/","logo":{"@type":"ImageObject","inLanguage":"en-US","@id":"https:\/\/comicstrip.be\/en\/#\/schema\/logo\/image\/","url":"https:\/\/comicstrip.be\/wp-content\/uploads\/2022\/02\/Logo_comicStrip_dark.svg","contentUrl":"https:\/\/comicstrip.be\/wp-content\/uploads\/2022\/02\/Logo_comicStrip_dark.svg","width":57,"height":39,"caption":"Centre Belge de la Bande Dessinée"},"image":{"@id":"https:\/\/comicstrip.be\/en\/#\/schema\/logo\/image\/"}}]}</script>
<!-- / Yoast SEO plugin. -->

Maurane Mazars for Là où dorment les Géants - Comicstrip

Comicstrip. - La BD à Bruxelles !

La BD à Bruxelles !

Centre Belge de la Bande Dessinée
